, -4*q + 5*n + 1201 = 0. Let g = 775 - q. List the prime factors of g.
2, 7, 17
Let j = 482 + -2. What are the prime factors of j/(-90)*(-183)/2?
2, 61
Let k be 0 - 2/(-8) - (-14)/8. Suppose -5*p - 6 + 6 = 0. Suppose -3*m + 7*m - 144 = -k*g, 4*g + 8 = p. What are the prime factors of m?
37
Let a = 0 - 15. What are the prime factors of (-5360)/(-24)*(-36)/a?
2, 67
Let g(t) = -1104*t - 373. What are the prime factors of g(-10)?
10667
Let s be (32/20 - 2)*-40. Suppose -s*q + 14*q + 6 = 0. Suppose j - 2*y - 111 = 0, -2*j - 5*y - 123 = -q*j. List the prime factors of j.
103
Suppose 0 = -0*u - 2*u - 2*y + 62, 4*y = 2*u - 38. Let o(h) = -7*h + 44. Let f be o(6). Suppose -147 = -f*a + u. What are the prime factors of a?
3, 29
Let x = 14843 - 4337. List the prime factors of x.
2, 3, 17, 103
Let d(x) be the second derivative of 77*x**3/6 + 20*x. Let k be d(1). Let f = k - 29. List the prime factors of f.
2, 3
Let s(u) = 999*u**2 + 2*u - 31. List the prime factors of s(-3).
2, 11, 37
Let t = -209 - -335. Let z = 351 - t. What are the prime factors of z?
3, 5
Let a(j) = -j**3 + 15*j**2 + 34*j + 3. Let o(c) be the second derivative of 8*c**3/3 + c**2/2 + 4*c. Let l be o(1). What are the prime factors of a(l)?
3
Suppose 0 = 5*k - 101 + 591. Let l = 310 + k. List the prime factors of l.
2, 53
List the prime factors of ((987/6)/(-7))/((-63)/8064).
2, 47
What are the prime factors of (-40495)/(-25) - 387/215?
2, 809
Let p(l) = 3*l + 3. Let g be p(-2). Let o(u) = -51*u + 3. What are the prime factors of o(g)?
2, 3, 13
Suppose -661096 = -73*t - 30595. List the prime factors of t.
3, 2879
Suppose 1 = -o - 0. What are the prime factors of 10284/20 - o/(-5) - 2?
2
Suppose 18*c - 8*c = -6740. Let y = -145 - c. List the prime factors of y.
23
Suppose 0 = 2*f - 659 + 29. Let l = f - 134. What are the prime factors of l?
181
Let q(t) = -5752*t + 156. List the prime factors of q(-1).
2, 7, 211
List the prime factors of (-186190347)/(-15435) + 3/((-45)/(-2)).
3, 4021
List the prime factors of 37204/14 - (-84)/147.
2, 3, 443
Let p(z) = -65*z + 129. List the prime factors of p(-2).
7, 37
Let b(i) = i**3 + 23*i**2 + 32*i + 43. Let j = -57 - -36. List the prime factors of b(j).
11, 23
Let n = 12549 + -2302. List the prime factors of n.
10247
Let b be 3*56*(10/(-6) + 2). Suppose -58 = -g - b. List the prime factors of 16 - 2 - 4*(-2)/g.
2, 3
Suppose -5*i + 7*i = -2*x - 4, 3*i = -2*x - 9. Let o(f) = 11*f**3 - 4*f**2 + 9*f - 14. List the prime factors of o(x).
2, 137
Let x be (40/(-25))/(1/(-5)). Suppose -2*c - 2*c = y + x, -3*c = -5*y + 6. List the prime factors of 1/(y - 2/(-38)).
19
Let h(m) = 619*m + 637. What are the prime factors of h(11)?
2, 3, 17, 73
Suppose 5*d = -4530 - 2270. Let g = d + 2642. What are the prime factors of g?
2, 641
List the prime factors of ((-2)/(-14) - 1256/(-56))*21.
2, 3, 79
Suppose 4*a - 5344 = 5*d, 5*a - 2424 - 4243 = 3*d. Suppose 0 = -2*w - 2*z + 1330, -2*w - 3*z + a = -2*z. What are the prime factors of w?
2, 3, 37
Suppose 43*a = -134*a + 1361130. List the prime factors of a.
2, 5, 769
Suppose s = -7*s + 150240. List the prime factors of s.
2, 3, 5, 313
Let n(r) = 26*r - 25. Suppose 2*b - p + 4*p + 4 = 0, -3*p = -3*b - 36. Let i be n(b). Let c = i - -437. What are the prime factors of c?
2, 3, 17
Suppose -31*k = -21*k - 730. Suppose 77*x = k*x + 1060. What are the prime factors of x?
5, 53
Suppose -5*n + 422 = 3*j, -4*j - 62 = -n + 27. Let v = n + 0. What are the prime factors of v?
5, 17
Let m(v) = -1401*v - 3069. What are the prime factors of m(-49)?
2, 3, 5, 1093
Let u(r) = -r**3 + 15*r**2 - 15*r - 4. Let a be u(14). Let d be (-2)/(-6) + (-210)/a. List the prime factors of 686/d + 4/(-24).
3, 19
Let z(s) = -8*s**2 + 3*s - 2. Suppose -6*y = 11 + 13. Let i be z(y). Let v = i - -222. List the prime factors of v.
2, 5
Suppose -244*p + 187*p + 354027 = 0. List the prime factors of p.
6211
Let h(m) be the third derivative of m**5/60 - 7*m**4/6 + 19*m**3/6 - 4*m**2 + 8*m. List the prime factors of h(44).
3, 241
Let w be (1 + 1)/1 - (39 + -41). Suppose w*n = 3*d + 6*n - 1465, -966 = -2*d - 4*n. List the prime factors of d.
491
Let n = -2248 - -9495. What are the prime factors of n?
7247
Let y(z) = 3*z**3 + 2*z**2 - 2*z + 5. Let h be y(-2). List the prime factors of h + (-1652)/(-2) + -8.
811
What are the prime factors of 107832/10 - (546/30 + -18)?
41, 263
Suppose 3*r = 2*r + k + 181, 2*r - 364 = 4*k. List the prime factors of (5 + r/8)*12.
2, 3, 5, 11
Let k = 265411 + -172607. List the prime factors of k.
2, 23201
Suppose -12 = -4*x + 8, -5*s + 585 = -4*x. List the prime factors of s.
11
Let f(c) = c**3 + 19*c**2 + 54*c - 146. List the prime factors of f(15).
2, 4157
Suppose 0 = -2*p + m + 26, -10*p + 5*p + 4*m = -71. Suppose -3*v + p = -3*a + 4*a, a - 12 = -4*v. Suppose 0*q - 1224 = -a*q. What are the prime factors of q?
3, 17
Let v(f) be the first derivative of -90*f**2 - 6*f + 56. What are the prime factors of v(-2)?
2, 3, 59
Suppose -4*l + 93 - 45 = 0. Suppose -l = -3*f + 5*f. List the prime factors of f/(((-6)/(-60))/(2/(-6))).
2, 5
Let a = 27091 + 46227. What are the prime factors of a?
2, 7, 5237
What are the prime factors of -1 - (-6166 - 28/(-7))?
61, 101
Let c(s) = 3*s**2 + 9*s - 373. List the prime factors of c(19).
881
Let k = -138 - -276. Let v = k + -92. Let n = 97 - v. What are the prime factors of n?
3, 17
Suppose -10*v + 194 = -1456. Let f = v + 38. List the prime factors of f.
7, 29
Let y(w) be the second derivative of 89*w**4/12 - 2*w**3/3 + 3*w**2/2 + 14*w + 7. What are the prime factors of y(-3)?
2, 3, 17
Suppose 8*z - 4 = -12. Let t be (2 + -61)*1 + (1 - z). Let k = t + 199. What are the prime factors of k?
2, 71
List the prime factors of (-691928)/(-8) - 21 - 10.
2, 3, 5, 11, 131
Let b be (-640)/(-24) - (-1)/3. Suppose 5*t + 2*i - 70 = 0, 2*t - 76 = -5*i - b. What are the prime factors of (-305)/(-2) - ((-66)/t + 5)?
3, 17
Let y(k) = 84*k**2 - 99*k + 30. What are the prime factors of y(10)?
2, 3, 5, 31
Suppose -3*z - 5*u + 11 = -z, 4*u - 1 = z. Suppose -2*h = z*h - 105. Suppose -3*m = -n + h, 0*n = 5*n + 2*m - 71. List the prime factors of n.
3, 5
Let v(k) = -2*k**3 + 22*k**2 - 2*k + 2. Let l be v(5). Suppose -7*j + l = -604. List the prime factors of j.
2
List the prime factors of (512/640)/((-4)/(-38750)).
2, 5, 31
Let r = 458 - 460. What are the prime factors of (0 - -553) + -4 + r + 10?
557
Suppose -749*m = -755*m + 4296. List the prime factors of m.
2, 179
Let l be (-189)/(-6)*16/(-12). Let v = l - -44. Suppose 10*g - 736 = v*g. List the prime factors of g.
2, 23
Let m(g) = 17*g**2 - 63*g + 117. List the prime factors of m(18).
3, 499
Let c(r) = 12*r - 65. Let n be (-1830)/(-150) + (-1)/10*2. Let v be (-3)/2 + 138/n. List the prime factors of c(v).
5, 11
Let d be (-9*(-37)/(-1))/(-1). Suppose 0 = -d*r + 330*r + 2664. List the prime factors of r.
2, 3, 37
Let v = -14 - -23. Let r(z) = z**3 - 6*z**2 + z. Let a(n) = -5*n**3 + 30*n**2 - 5*n - 2. Let g(w) = -2*a(w) - 9*r(w). List the prime factors of g(v).
2
Suppose -13*g + 25305 = 22*g. Suppose -v = 16*d - 19*d - g, 6 = 2*d. What are the prime factors of v?
2, 3, 61
Suppose -j + 11*j + 2740 = 0. Let y = j + 279. What are the prime factors of y?
5
Suppose 5648 = 7*y - 9899. Let k = y - 1082. List the prime factors of k.
17, 67
Suppose 25 = 4*a + 5*w, 4*w - 13 = -4*a + 7. Suppose a = 16*r - 9657 + 2297. What are the prime factors of r?
2, 5, 23
Let a = 79947 - 52494. What are the prime factors of a?
3, 9151
What are the prime factors of (-19833)/(-21) - 1/((-21)/12)?
3, 5, 7
Suppose 2076 = 9*k - 3. Suppose 0 = 5*h - 1631 + k. List the prime factors of h.
2, 5, 7
Suppose 3*l - 2*i = 12, 4*l + l - 15 = 5*i. Let p(g) = g**2 - 9*g + 10. Let x be p(l). What are the prime factors of 68 - 4/x*0?
2, 17
Let a(b) = 52975*b**2 + 8*b + 6. What are the prime factors of a(-1)?
52973
Suppose 8121 = -12*c + 30261. What are the prime factors of c?
3, 5, 41
Let z be (-145)/(-8)*2*4. Suppose 5*m - z = v + 4*v, 5*v = 4*m - 142. What are the prime factors of (0 - v/(-4))/((-8)/80)?
5, 13
Let s(l) = -29*l**2 + 9*l + 158. Let w(n) = -44*n**2 + 14*n + 237. Let p(a) = -8*s(a) + 5*w(a). What are the prime factors of p(8)?
673
Let k(g) = g**2 + 19*g + 2. Let z(m) = 9*m + 1. Let a(b) = 6*k(b) - 13